 digit of 1245812085?
5
What is the tens digit of 45406380?
8
What is the thousands digit of 2515983968?
3
What is the hundred millions digit of 2745069482?
7
What is the hundreds digit of 11619570?
5
What is the ten thousands digit of 21797625?
9
What is the hundred thousands digit of 182396486?
3
What is the thousands digit of 135408330?
8
What is the tens digit of 151283856?
5
What is the hundred thousands digit of 3697350704?
3
What is the hundred thousands digit of 372996986?
9
What is the hundreds digit of 14056936?
9
What is the hundred millions digit of 262453532?
2
What is the hundreds digit of 10577581?
5
What is the ten thousands digit of 1715474942?
7
What is the tens digit of 134286807?
0
What is the hundred millions digit of 157614887?
1
What is the ten millions digit of 32016695?
3
What is the hundred millions digit of 272667652?
2
What is the ten thousands digit of 9321992?
2
What is the thousands digit of 152683141?
3
What is the billions digit of 1355995805?
1
What is the hundred thousands digit of 946866562?
8
What is the thousands digit of 37556473?
6
What is the thousands digit of 489131498?
1
What is the ten millions digit of 6094307709?
9
What is the tens digit of 87488245?
4
What is the units digit of 2747622790?
0
What is the units digit of 4715942631?
1
What is the thousands digit of 3730382525?
2
What is the billions digit of 3404199492?
3
What is the units digit of 2047041810?
0
What is the ten millions digit of 778547743?
7
What is the thousands digit of 31513344?
3
What is the hundreds digit of 4806906640?
6
What is the ten millions digit of 709479233?
0
What is the tens digit of 149193191?
9
What is the hundred thousands digit of 96574480?
5
What is the tens digit of 182480373?
7
What is the units digit of 39861345?
5
What is the units digit of 179355716?
6
What is the ten thousands digit of 359441525?
4
What is the ten millions digit of 541156137?
4
What is the ten millions digit of 3378770203?
7
What is the thousands digit of 31385344?
5
What is the hundred millions digit of 203846903?
2
What is the tens digit of 232870029?
2
What is the hundred thousands digit of 131263885?
2
What is the millions digit of 300340402?
0
What is the thousands digit of 1661170302?
0
What is the millions digit of 297068622?
7
What is the billions digit of 1320107229?
1
What is the thousands digit of 39944791?
4
What is the hundred thousands digit of 72436974?
4
What is the ten thousands digit of 1766880062?
8
What is the thousands digit of 28251161?
1
What is the units digit of 141802491?
1
What is the hundred millions digit of 1651285414?
6
What is the hundreds digit of 3339132381?
3
What is the hundred thousands digit of 22853092?
8
What is the hundred millions digit of 586018826?
5
What is the thousands digit of 355142503?
2
What is the tens digit of 220997117?
1
What is the ten thousands digit of 46012349?
1
What is the hundreds digit of 1509037766?
7
What is the units digit of 50434068?
8
What is the thousands digit of 111263332?
3
What is the units digit of 1542461632?
2
What is the millions digit of 319232254?
9
What is the ten thousands digit of 236268751?
6
What is the hundreds digit of 604317479?
4
What is the hundred thousands digit of 139182906?
1
What is the thousands digit of 154638477?
8
What is the ten millions digit of 583400530?
8
What is the ten thousands digit of 32260368?
6
What is the ten thousands digit of 597098550?
9
What is the millions digit of 139620424?
9
What is the units digit of 81301052?
2
What is the tens digit of 79392388?
8
What is the millions digit of 36342007?
6
What is the millions digit of 18477438?
8
What is the hundred thousands digit of 228119398?
1
What is the units digit of 139527488?
8
What is the billions digit of 1238236405?
1
What is the millions digit of 70211536?
0
What is the hundred millions digit of 2023636911?
0
What is the units digit of 1981470719?
9
What is the ten millions digit of 1819061566?
1
What is the hundred millions digit of 4637415730?
6
What is the hundred thousands digit of 61109803?
1
What is the ten thousands digit of 416781702?
8
What is the hundred millions digit of 844003682?
8
What is the millions digit of 126544533?
6
What is the units digit of 3296958642?
2
What is the hundreds digit of 21336752?
7
What is the hundred millions digit of 282885633?
2
What is the millions digit of 2948374080?
8
What is the hundreds digit of 412424981?
9
What is the hundred thousands digit of 418654257?
6
What is the units digit of 112489374?
4
What is the millions digit of 27924045?
7
What is the tens digit of 7447800634?
3
What is the hundred thousands digit of 30575002?
5
What is the tens digit of 369759750?
5
What is the thousands digit of 52686990?
6
What is the thousands digit of 12637425?
7
What is the units digit of 335980739?
9
What is the units digit of 40011111?
1
What is the hundred millions digit of 471967028?
4
What is the units digit of 2851691156?
6
What is the ten millions digit of 2945621306?
4
What is the hundred thousands digit of 65280410?
2
What is the hundred millions digit of 2858198493?
8
What is the thousands digit of 289548?
9
What is the tens digit of 188853129?
2
What is the billions digit of 2643481355?
2
What is the units digit of 40219419?
9
What is the hundreds digit of 240781600?
6
What is the hundreds digit of 395841917?
9
What is the tens digit of 189483123?
2
What is the thousands digit of 300738069?
8
What is the units digit of 3554784779?
9
What is the millions digit of 291400256?
1
What is the ten millions digit of 74366716?
7
What is the millions digit of 42744294?
2
What is the units digit of 1065812831?
1
What is the tens digit of 1299260694?
9
What is the hundreds digit of 1014170739?
7
What is the ten millions digit of 24506067?
2
What is the tens digit of 137358689?
8
What is the ten millions digit of 718520283?
1
What is the hundreds digit of 120008586?
5
What is the thousands digit of 10109054?
9
What is the thousands digit of 32394702?
4
What is the hundred millions digit of 136732622?
1
What is the hundred thousands digit of 793546417?
5
What is the units digit of 29740004?
4
What is the hundred thousands digit of 3661801115?
8
What is the hundreds digit of 6545074?
0
What is the ten thousands digit of 3508823791?
2
What is the hundreds digit of 8817787908?
9
What is the ten thousands digit of 127051354?
5
What is the tens digit of 178751437?
3
What is the hundreds digit of 789904899?
8
What is the ten thousands digit of 141696196?
9
What is the ten thousands digit of 272698256?
9
What is the hundreds digit of 55950767?
7
What is the hundreds digit of 977596571?
5
What is the hundred thousands digit of 112677650?
6
What is the hundreds digit of 30752967?
9
What is the thousands digit of 121915585?
5
What is the tens digit of 28497395?
9
What is the thousands digit of 1205309399?
9
What is the ten thousands digit of 126019373?
1
What is the ten millions digit of 103761107?
0
What is the hundred thousands digit of 2052735093?
7
What is the billions digit of 5437753733?
5
What is the thousands digit of 234716292?
6
What is the tens digit of 81082277?
7
What is the units digit of 4074586170?
0
What is the thousands digit of 374981298?
1
What is the ten millions digit of 248885469?
4
What is the units digit of 1973432500?
0
What is the millions digit of 80072601?
0
What is the tens digit of 6299758505?
0
What is the ten thousands digit of 80870057?
7
What is the millions digit of 364889915?
4
What is the hundred millions digit of 1112090687?
1
What is the ten thousands digit of 65413518?
1
What is the ten thousands digit of 168704652?
0
What is the ten millions digit of 508011553?
0
What is the hundred thousands digit of 196417734?
4
What is the ten thousands digit of 1058349593?
4
What is the ten millions digit of 559605437?
5
What is the tens digit of 610637050?
5
What is the hundred thousands digit of 131321104?
3
What is the ten millions digit of 1351754730?
5
What is the hundred millions digit of 1402194184?
4
What is the thousands digit of 39794097?
4
What is the tens digit of 54423276?
7
What is the ten millions digit of 67815086?
6
What is the hundred thousands digit of 796586172?
5
What is the ten thousands digit of 